e hundreds digit of 127928?
9
What is the tens digit of 105?
0
What is the tens digit of 6172?
7
What is the hundreds digit of 593?
5
What is the units digit of 10802?
2
What is the units digit of 122?
2
What is the tens digit of 895?
9
What is the ten thousands digit of 20371?
2
What is the tens digit of 7506?
0
What is the units digit of 26791?
1
What is the hundreds digit of 1135?
1
What is the units digit of 21679?
9
What is the units digit of 3050?
0
What is the tens digit of 111?
1
What is the hundreds digit of 5379?
3
What is the tens digit of 88?
8
What is the thousands digit of 66290?
6
What is the tens digit of 12963?
6
What is the tens digit of 6059?
5
What is the units digit of 6912?
2
What is the tens digit of 506?
0
What is the ten thousands digit of 44052?
4
What is the tens digit of 2430?
3
What is the tens digit of 1820?
2
What is the tens digit of 3640?
4
What is the ten thousands digit of 54386?
5
What is the hundreds digit of 1434?
4
What is the thousands digit of 2772?
2
What is the tens digit of 84542?
4
What is the tens digit of 82818?
1
What is the tens digit of 4885?
8
What is the ten thousands digit of 155898?
5
What is the hundreds digit of 2321?
3
What is the hundreds digit of 834?
8
What is the thousands digit of 9654?
9
What is the units digit of 553?
3
What is the tens digit of 120688?
8
What is the hundreds digit of 1491?
4
What is the thousands digit of 1556?
1
What is the hundreds digit of 16320?
3
What is the hundred thousands digit of 126500?
1
What is the hundreds digit of 58045?
0
What is the thousands digit of 106367?
6
What is the hundreds digit of 555?
5
What is the thousands digit of 1419?
1
What is the tens digit of 4536?
3
What is the tens digit of 160?
6
What is the hundreds digit of 8412?
4
What is the thousands digit of 4335?
4
What is the units digit of 235?
5
What is the hundreds digit of 10635?
6
What is the hundreds digit of 8171?
1
What is the hundred thousands digit of 164119?
1
What is the thousands digit of 8614?
8
What is the thousands digit of 16590?
6
What is the hundreds digit of 2794?
7
What is the units digit of 18024?
4
What is the tens digit of 2223?
2
What is the hundreds digit of 8752?
7
What is the tens digit of 49702?
0
What is the hundreds digit of 43399?
3
What is the tens digit of 116772?
7
What is the units digit of 617?
7
What is the thousands digit of 37287?
7
What is the tens digit of 487?
8
What is the thousands digit of 19300?
9
What is the tens digit of 120289?
8
What is the units digit of 117695?
5
What is the units digit of 1468?
8
What is the units digit of 4182?
2
What is the hundreds digit of 3350?
3
What is the units digit of 8805?
5
What is the units digit of 2427?
7
What is the units digit of 783?
3
What is the units digit of 2777?
7
What is the tens digit of 2136?
3
What is the thousands digit of 12229?
2
What is the hundred thousands digit of 107336?
1
What is the thousands digit of 2386?
2
What is the hundreds digit of 3494?
4
What is the tens digit of 146458?
5
What is the hundreds digit of 1316?
3
What is the tens digit of 182473?
7
What is the hundreds digit of 2375?
3
What is the units digit of 3093?
3
What is the hundreds digit of 895?
8
What is the tens digit of 145?
4
What is the hundreds digit of 21012?
0
What is the tens digit of 1006?
0
What is the hundreds digit of 21215?
2
What is the ten thousands digit of 79969?
7
What is the thousands digit of 2255?
2
What is the tens digit of 20467?
6
What is the units digit of 158?
8
What is the hundreds digit of 486?
4
What is the units digit of 8380?
0
What is the units digit of 1016?
6
What is the units digit of 1979?
9
What is the tens digit of 1227?
2
What is the hundreds digit of 750?
7
What is the tens digit of 392?
9
What is the thousands digit of 1324?
1
What is the hundreds digit of 4091?
0
What is the tens digit of 3245?
4
What is the ten thousands digit of 167497?
6
What is the thousands digit of 2898?
2
What is the units digit of 15273?
3
What is the thousands digit of 4328?
4
What is the thousands digit of 4374?
4
What is the hundreds digit of 2122?
1
What is the tens digit of 6448?
4
What is the thousands digit of 1222?
1
What is the hundreds digit of 6328?
3
What is the units digit of 51428?
8
What is the hundreds digit of 18635?
6
What is the tens digit of 21531?
3
What is the units digit of 878?
8
What is the tens digit of 36775?
7
What is the tens digit of 17765?
6
What is the hundreds digit of 61079?
0
What is the thousands digit of 1000?
1
What is the thousands digit of 21064?
1
What is the units digit of 935?
5
What is the tens digit of 450?
5
What is the tens digit of 6661?
6
What is the hundreds digit of 92808?
8
What is the ten thousands digit of 12999?
1
What is the hundreds digit of 5712?
7
What is the ten thousands digit of 15094?
1
What is the units digit of 634?
4
What is the thousands digit of 3100?
3
What is the tens digit of 646?
4
What is the thousands digit of 33832?
3
What is the ten thousands digit of 41391?
4
What is the hundreds digit of 37413?
4
What is the units digit of 4291?
1
What is the tens digit of 27231?
3
What is the hundreds digit of 3952?
9
What is the units digit of 99266?
6
What is the hundreds digit of 6625?
6
What is the units digit of 946?
6
What is the tens digit of 1801?
0
What is the hundreds digit of 7495?
4
What is the units digit of 1586?
6
What is the tens digit of 1820?
2
What is the units digit of 1010?
0
What is the units digit of 49432?
2
What is the units digit of 50045?
5
What is the ten thousands digit of 52454?
5
What is the hundreds digit of 130374?
3
What is the thousands digit of 1463?
1
What is the hundreds digit of 191?
1
What is the hundreds digit of 6940?
9
What is the units digit of 946?
6
What is the hundreds digit of 457?
4
What is the units digit of 32839?
9
What is the hundreds digit of 13331?
3
What is the hundreds digit of 10429?
4
What is the tens digit of 15962?
6
What is the tens digit of 424?
2
What is the tens digit of 6404?
0
What is the hundred thousands digit of 170513?
1
What is the units digit of 10999?
9
What is the tens digit of 54132?
3
What is the units digit of 19329?
9
What is the thousands digit of 1049?
1
What is the tens digit of 205?
0
What is the hundreds digit of 21643?
6
What is the units digit of 6019?
9
What is the tens digit of 1842?
4
What is the units digit of 20387?
7
What is the thousands digit of 2343?
2
What is the tens digit of 1738?
3
What is the units digit of 4479?
9
What is the hundreds digit of 9933?
9
What is the units digit of 28288?
8
What is the units digit of 48307?
7
What is the hundreds digit of 1239?
2
What is the tens digit of 1274?
7
What is the tens digit of 1274?
7
What is the tens digit of 6177?
7
What is the thousands digit of 1154?
1
What is the hundreds digit of 13192?
1
What is the tens digit of 30476?
7
What is the thousands digit of 3164?
3
What is the thousands digit of 24246?
4
What is the thousands digit of 4501?
4
What is the thousands digit of 1362?
1
What is the tens digit of 9970?
7
What is the hundreds digit of 458?
4
What is the hundreds digit of 6715?
7
What is the tens digit of 19413?
1
What is the tens digit of 11813?
1
What is the tens digit of 602?
0
What is the tens digit of 10882?
8
What is the hundreds digit of 1402?
4
What is the ten thousands digit of 73593?
7
What is the tens digit of 20493?
9
What is the units digit of 15608?
8
What is the tens digit of 51736?
3
What is the thousands digit of 57873?
7
What is the ten thousands digit of 18296?
1
What is the units digit of 67509?
9
What is the tens digit of 688?
8
What is the units digit of 103?
3
What is the hundreds digit of 1653?
6
What is the units digit of 86?
6
What is the tens digit of 25833?
3
What is the units digit of 28815?
5
What is the tens digit of 2529?
2
What is the hundreds digit of 844?
8
What is the thousands digit of 1907?
1
What is the tens digit of 12181?
8
What is the hundreds digit of 2246?
2
What is the units digit of 6091?
1
What is the hundreds digit of 62567?
5
What is the units digit of 896?
6
What is the tens digit of 42288?
8
What is the hundreds digit of 21622?
6
What is the thousands digit of 1842?
1
What is the ten thousands digit of 35794?
3
What is the tens d